What is the greatest common factor of z and 23?
23
Let n be 68/16*28/7 + -7. Calculate the highest common divisor of 530 and n.
10
Let n = 0 + -1. Let y(f) be the first derivative of 22*f**3 + f**2/2 + f - 146. Let z be y(n). What is the highest common factor of 44 and z?
22
Suppose 0 = -5*w - 2*d + 308, 2*w + 3*d - 7*d = 104. Let t be 108/(-21)*(-14)/3. Calculate the highest common factor of t and w.
12
Suppose -4*p + 64 = -f + 5, 6 = -2*f. Suppose 4*w = -p + 54. Calculate the greatest common divisor of w and 10.
10
Suppose -2*g + 2*f = -78, 0 = 3*g + 4*f - 36 - 32. Let a be 452/14 - (-4)/(-14). What is the highest common divisor of g and a?
32
Suppose 1191 = 11*q + 322. What is the greatest common factor of q and 2?
1
Let l = 95 + 193. What is the highest common divisor of 128 and l?
32
Let z be (0 - 5)/((-2)/2). Let o(a) = -12*a + 23. Let y be o(-8). Suppose -29*t = -y - 26. What is the highest common factor of z and t?
5
Let o be ((-476)/(-42))/((-4)/(-12)). Calculate the greatest common factor of o and 22.
2
Suppose 5*q = p + 2040 - 713, 5*p = -q + 281. Calculate the highest common factor of 56 and q.
14
Let n(s) = s**2 + s - 4. Let i be n(0). Let g be ((-1)/(-2))/(i/8). Let r be 59 + (0 + g - -2). What is the highest common divisor of 12 and r?
12
Suppose 119*u - 162 = 113*u. Suppose -w = -5*n - 31, w = -3*n + 2*n + 37. What is the highest common divisor of u and w?
9
Let y(r) = -r**3 + 9*r**2 - 13*r + 9. Suppose 22 = 5*h - 18. Let g be y(h). Let f = g - -34. What is the greatest common divisor of f and 1?
1
Let i be 276/34 - (-6)/(-51). Suppose -i*m + 18 = -7*m. Calculate the highest common factor of m and 36.
18
Suppose 0 = 71*k - 4754 - 3553. What is the highest common divisor of k and 312?
39
Let g = 37 - 35. Suppose 0 = -g*m - 3*l + 292, m - 7*l - 135 = -3*l. What is the greatest common factor of 13 and m?
13
Let m(d) = 5*d - 6*d - 1 - 4*d - d**2. Let f be (-8)/3*(-36)/(-24). Let c be m(f). What is the highest common factor of 33 and c?
3
Let i(g) = g**3 + 17*g**2 - 2*g - 12. Let p be i(-17). Calculate the greatest common divisor of p and 374.
22
Let a(d) = 10*d - 26. Let p be a(-12). Let k = p - -223. What is the highest common factor of k and 11?
11
Suppose -28*y = 59*y - 10701. Calculate the greatest common divisor of y and 6.
3
Let z(d) = 2*d - 7. Let m be z(5). Suppose m*r = -r. Suppose -n - 3 + 15 = r. Calculate the greatest common factor of n and 36.
12
Let b = 44 - 80. Let t be (b/(-10))/(4/20). Suppose f + 11 = t. Calculate the greatest common divisor of f and 28.
7
Let y be (3 - 1)/(11/22). Suppose -13 = -y*l - 49. Let w(s) = -s**3 - 10*s**2 - 9*s + 10. Let d be w(l). What is the highest common factor of d and 10?
10
Let b(g) = -g**2 - 6*g + 9. Suppose 0 = 7*v - 3*v + 28. Let u be b(v). What is the greatest common divisor of u and 2?
2
Suppose 14*o + 3432 = 6*o. Let g = o + 609. Calculate the greatest common divisor of g and 20.
20
Suppose 3*p = -5*x - 4, -x + p + 4 + 0 = 0. Let z be -2*4*((-132)/(-32))/3. Let m = x - z. What is the highest common factor of m and 36?
12
Suppose 0 = -13*r + 558 + 79. What is the highest common divisor of 28 and r?
7
Let c = 512 - 507. What is the highest common factor of 1415 and c?
5
Let w = 2146 - 2069. Suppose 3*u + 17 = 50. Calculate the greatest common divisor of w and u.
11
Let u be (20/14)/(-5) + 2752/28. Let q(d) = -4*d + 2. Let z be q(-3). What is the highest common factor of u and z?
14
Suppose -1 - 5 = -3*c. Suppose -5*n = -n - 20. Suppose -2*p - 5*w - 1 = 0, 0*p - 4*w - 14 = -n*p. What is the highest common divisor of p and c?
2
Suppose 20*q - 75 = 85. Suppose 5*s = -0*s + 100. What is the highest common divisor of s and q?
4
Let f = -33 + 41. Let x(k) = k - 5. Let u be x(f). Calculate the highest common divisor of u and 3.
3
Suppose -5*n + 2*n = -60. Suppose -2*h - 2*t - 1 = 3, 7 = -5*h - 2*t. Let s = 11 + h. What is the greatest common divisor of n and s?
10
Let w = 213 - 88. Let m be (-2)/(-5) + 6325/w. Calculate the greatest common factor of m and 68.
17
Let j = 48 - 28. Suppose -4*l + l - 4*u = -55, 5*u = j. Let b = -314 + 405. Calculate the greatest common factor of b and l.
13
Suppose 5*j - 199 - 116 = 0. Suppose -4*l + 11 = -17. Calculate the greatest common factor of l and j.
7
Suppose 1678 = 2*b + 160. Suppose t - b = -10*t. What is the greatest common factor of t and 23?
23
Let o(v) = 106*v - 135. Let x be o(2). What is the highest common divisor of x and 286?
11
Suppose 4*x + 436 = -4*l, -3*l + 0*l = -3*x - 345. Let r = -14 - x. Let a = r + -28. What is the highest common factor of a and 10?
10
Let m(o) = 6*o**2 + 6*o - 10. Let n be m(6). Calculate the highest common divisor of n and 22.
22
Suppose 384 = 2*i - 384. Calculate the greatest common divisor of 168 and i.
24
Suppose -3*m - 5 = -14. Suppose 4*a - 13 = -m*g, 3*a + 0*g - 17 = 5*g. What is the highest common divisor of a and 2?
2
Suppose 4*m + 2*u + u = 5, u = -m. Suppose -4*x = -2*x - s - 86, m*s + 115 = 3*x. Calculate the greatest common factor of x and 5.
5
Suppose -13*t + 99 = -421. Calculate the highest common factor of 1080 and t.
40
Let q(d) = -d + 232. Let m = 36 + -17. Let y = m - 19. Let w be q(y). Calculate the greatest common divisor of 29 and w.
29
Let m = -55 - -210. What is the greatest common divisor of 5 and m?
5
Let c(p) = 5*p**2 + 10*p + 8. Let o be (6*8/18)/((-13)/39). Let d be c(o). Calculate the highest common factor of 8 and d.
8
Let h = 12 - 4. Let i be (-3234)/(-27) + h/36. Suppose i = -0*q + 6*q. What is the highest common divisor of q and 80?
20
Let s be (-3*(-6)/27)/((-7)/(-21)). Calculate the highest common divisor of s and 38.
2
Suppose -5*v - 2*g = -5*g - 34, 4*g = -12. Let x(f) = 2*f**2 - 5. Let w be x(v). What is the greatest common factor of w and 5?
5
Suppose -53*g + 28 = -46*g. Calculate the greatest common factor of 92 and g.
4
Let v = -54 + 90. Let r be ((-90)/(-16))/(420/3360). What is the greatest common factor of v and r?
9
Let i(c) = c**2 - 3*c - 2. Let k be i(7). Suppose a - 29 = k. What is the highest common factor of a and 11?
11
Suppose 0 = 33*i - 32*i - 66. Calculate the highest common divisor of i and 12.
6
Let d be (18/4)/((-28)/(-1232)). Suppose -16 = 2*o - 52. Calculate the greatest common factor of d and o.
18
Suppose -9*x + 5 = -4*x. Let p(m) = 30*m**3 + 1. Let a be p(x). Calculate the highest common factor of 279 and a.
31
Let a = -10 - -20. Suppose -2*m - m - i = 1, 3*m + 13 = -4*i. Let j be (7/(-4))/(m*(-5)/200). What is the greatest common factor of a and j?
10
Let o = 19 - -6. Suppose -o = -5*f + 5*t, -3*t - 10 = -2*f + 2. Calculate the greatest common divisor of 1 and f.
1
Let i be ((-1)/4)/((-1)/12). Let w be 3/2*2/i. Calculate the greatest common divisor of 8 and w.
1
Let j(l) = -67*l + 805. Let d be j(-7). Calculate the highest common factor of d and 104.
26
Suppose 5*z = 2*i + 115, 2*z - 2*i = -0*i + 40. Calculate the greatest common factor of z and 200.
25
Let i(f) = -5*f + 227. Let y be i(7). What is the greatest common factor of 36 and y?
12
Let o be 111/21*10 + 12/(-14). Let d be (122/(-4) - 2)*-4. Calculate the greatest common divisor of o and d.
26
Suppose -p = 5, -t = -4*t + p + 41. Let x(s) = -s**3 - 4*s**2 - s + 5. Let a be x(-3). Let o be (1/a)/((-3)/t). What is the highest common divisor of 4 and o?
4
Suppose -8*q = -54*q + 1656. Calculate the highest common divisor of q and 60.
12
Suppose -205 = -58*w + 433. What is the greatest common factor of w and 3806?
11
Let d(o) = 13*o - 17*o**2 + 11 + 26*o**2 - 10*o**2. Let c be d(13). Calculate the highest common factor of 11 and c.
11
Suppose -4*s - 2*q - 9 + 135 = 0, 2*q = -10. Suppose -13*b + 15*b - s = 0. Calculate the greatest common divisor of 34 and b.
17
Let a = -86 + 88. Suppose j = -a*j - 5*n + 99, 4*n = -5*j + 152. What is the highest common divisor of 98 and j?
14
Suppose -5*i + 973 + 27 = 5*l, 194 = i - 2*l. Let x(j) = 3*j + 4. Let s be x(4). Suppose -s = -w + 2. Calculate the greatest common divisor of w and i.
18
Let k(s) = -41*s - 21. Let x be k(-3). What is the highest common divisor of x and 255?
51
Let c(z) = 59*z**2 - 8*z - 3. Let x be c(-1). Calculate the greatest common factor of 2368 and x.
64
Let b be 188 + 22 + 3*-1. Calculate the greatest common divisor of 9 and b